

{"id":61259,"date":"2026-09-03T09:28:11","date_gmt":"2026-09-03T13:28:11","guid":{"rendered":"https:\/\/www.cne.cl\/?page_id=61259"},"modified":"2026-09-03T10:38:34","modified_gmt":"2026-09-03T14:38:34","slug":"humberto-espejo-paluz-es-elegido-presidente-del-consejo-directivo-del-coordinador-electrico-nacional-mientras-que-claudia-rahmann-zuniga-y-eric-ahumada-gomez-son-elegidos-como-consejeros-del-mismo-or","status":"publish","type":"page","link":"https:\/\/www.cne.cl\/en\/prensa\/prensa-2026\/09-septiembre-2026\/humberto-espejo-paluz-es-elegido-presidente-del-consejo-directivo-del-coordinador-electrico-nacional-mientras-que-claudia-rahmann-zuniga-y-eric-ahumada-gomez-son-elegidos-como-consejeros-del-mismo-or\/","title":{"rendered":"(Espa\u00f1ol) Humberto Espejo Paluz es elegido Presidente del Consejo Directivo del Coordinador El\u00e9ctrico Nacional, mientras que Claudia Rahmann Z\u00fa\u00f1iga y Eric Ahumada G\u00f3mez son elegidos como Consejeros del mismo organismo"},"content":{"rendered":"<p class=\"qtranxs-available-languages-message qtranxs-available-languages-message-en\">Sorry, this entry is only available in <a href=\"https:\/\/www.cne.cl\/es\/wp-json\/wp\/v2\/pages\/61259\" class=\"qtranxs-available-language-link qtranxs-available-language-link-es\" title=\"Espa\u00f1ol\">European Spanish<\/a>.<\/p>","protected":false},"excerpt":{"rendered":"<p>Sorry, this entry is only available in European Spanish.<\/p>\n","protected":false},"author":61,"featured_media":61260,"parent":61222,"menu_order":0,"comment_status":"closed","ping_status":"closed","template":"entrada-prensa.php","meta":[],"_links":{"self":[{"href":"https:\/\/www.cne.cl\/en\/wp-json\/wp\/v2\/pages\/61259"}],"collection":[{"href":"https:\/\/www.cne.cl\/en\/wp-json\/wp\/v2\/pages"}],"about":[{"href":"https:\/\/www.cne.cl\/en\/wp-json\/wp\/v2\/types\/page"}],"author":[{"embeddable":true,"href":"https:\/\/www.cne.cl\/en\/wp-json\/wp\/v2\/users\/61"}],"replies":[{"embeddable":true,"href":"https:\/\/www.cne.cl\/en\/wp-json\/wp\/v2\/comments?post=61259"}],"version-history":[{"count":6,"href":"https:\/\/www.cne.cl\/en\/wp-json\/wp\/v2\/pages\/61259\/revisions"}],"predecessor-version":[{"id":61303,"href":"https:\/\/www.cne.cl\/en\/wp-json\/wp\/v2\/pages\/61259\/revisions\/61303"}],"up":[{"embeddable":true,"href":"https:\/\/www.cne.cl\/en\/wp-json\/wp\/v2\/pages\/61222"}],"wp:featuredmedia":[{"embeddable":true,"href":"https:\/\/www.cne.cl\/en\/wp-json\/wp\/v2\/media\/61260"}],"wp:attachment":[{"href":"https:\/\/www.cne.cl\/en\/wp-json\/wp\/v2\/media?parent=61259"}],"curies":[{"name":"wp","href":"https:\/\/api.w.org\/{rel}","templated":true}]}}

(Español) Humberto Espejo Paluz es elegido Presidente del Consejo Directivo del Coordinador Eléctrico Nacional, mientras que Claudia Rahmann Zúñiga y Eric Ahumada Gómez son elegidos como Consejeros del mismo organismo

<p class="qtranxs-available-languages-message qtranxs-available-languages-message-en">Sorry, this entry is only available in <a href="https://www.cne.cl/es/wp-json/wp/v2/pages/61259" class="qtranxs-available-language-link qtranxs-available-language-link-es" title="Español">European Spanish</a>.</p>
