

{"id":61229,"date":"2026-09-01T17:00:45","date_gmt":"2026-09-01T21:00:45","guid":{"rendered":"https:\/\/www.cne.cl\/?page_id=61229"},"modified":"2026-09-02T09:30:10","modified_gmt":"2026-09-02T13:30:10","slug":"secretario-ejecutivo-de-la-cne-se-reune-con-ministra-de-energia-para-abordar-desafios-de-la-agenda-energetica","status":"publish","type":"page","link":"https:\/\/www.cne.cl\/en\/prensa\/prensa-2026\/09-septiembre-2026\/secretario-ejecutivo-de-la-cne-se-reune-con-ministra-de-energia-para-abordar-desafios-de-la-agenda-energetica\/","title":{"rendered":"(Espa\u00f1ol) Secretario ejecutivo de la CNE se re\u00fane con Ministra de Energ\u00eda para abordar desaf\u00edos de la agenda energ\u00e9tica"},"content":{"rendered":"<p class=\"qtranxs-available-languages-message qtranxs-available-languages-message-en\">Sorry, this entry is only available in <a href=\"https:\/\/www.cne.cl\/es\/wp-json\/wp\/v2\/pages\/61229\" class=\"qtranxs-available-language-link qtranxs-available-language-link-es\" title=\"Espa\u00f1ol\">European Spanish<\/a>.<\/p>","protected":false},"excerpt":{"rendered":"<p>Sorry, this entry is only available in European Spanish.<\/p>\n","protected":false},"author":61,"featured_media":61231,"parent":61222,"menu_order":0,"comment_status":"closed","ping_status":"closed","template":"entrada-prensa.php","meta":[],"_links":{"self":[{"href":"https:\/\/www.cne.cl\/en\/wp-json\/wp\/v2\/pages\/61229"}],"collection":[{"href":"https:\/\/www.cne.cl\/en\/wp-json\/wp\/v2\/pages"}],"about":[{"href":"https:\/\/www.cne.cl\/en\/wp-json\/wp\/v2\/types\/page"}],"author":[{"embeddable":true,"href":"https:\/\/www.cne.cl\/en\/wp-json\/wp\/v2\/users\/61"}],"replies":[{"embeddable":true,"href":"https:\/\/www.cne.cl\/en\/wp-json\/wp\/v2\/comments?post=61229"}],"version-history":[{"count":4,"href":"https:\/\/www.cne.cl\/en\/wp-json\/wp\/v2\/pages\/61229\/revisions"}],"predecessor-version":[{"id":61249,"href":"https:\/\/www.cne.cl\/en\/wp-json\/wp\/v2\/pages\/61229\/revisions\/61249"}],"up":[{"embeddable":true,"href":"https:\/\/www.cne.cl\/en\/wp-json\/wp\/v2\/pages\/61222"}],"wp:featuredmedia":[{"embeddable":true,"href":"https:\/\/www.cne.cl\/en\/wp-json\/wp\/v2\/media\/61231"}],"wp:attachment":[{"href":"https:\/\/www.cne.cl\/en\/wp-json\/wp\/v2\/media?parent=61229"}],"curies":[{"name":"wp","href":"https:\/\/api.w.org\/{rel}","templated":true}]}}

(Español) Secretario ejecutivo de la CNE se reúne con Ministra de Energía para abordar desafíos de la agenda energética

<p class="qtranxs-available-languages-message qtranxs-available-languages-message-en">Sorry, this entry is only available in <a href="https://www.cne.cl/es/wp-json/wp/v2/pages/61229" class="qtranxs-available-language-link qtranxs-available-language-link-es" title="Español">European Spanish</a>.</p>
