

{"id":59253,"date":"2026-03-11T14:08:15","date_gmt":"2026-03-11T17:08:15","guid":{"rendered":"https:\/\/www.cne.cl\/?page_id=59253"},"modified":"2026-03-13T15:04:30","modified_gmt":"2026-03-13T18:04:30","slug":"ministra-rincon-sostiene-primera-reunion-con-la-cne-y-organismos-del-sector-energetico","status":"publish","type":"page","link":"https:\/\/www.cne.cl\/en\/prensa\/prensa-2026\/03-marzo-2026\/ministra-rincon-sostiene-primera-reunion-con-la-cne-y-organismos-del-sector-energetico\/","title":{"rendered":"(Espa\u00f1ol) Ministra Rinc\u00f3n sostiene primera reuni\u00f3n con la CNE y organismos del sector energ\u00e9tico"},"content":{"rendered":"<p class=\"qtranxs-available-languages-message qtranxs-available-languages-message-en\">Sorry, this entry is only available in <a href=\"https:\/\/www.cne.cl\/es\/wp-json\/wp\/v2\/pages\/59253\" class=\"qtranxs-available-language-link qtranxs-available-language-link-es\" title=\"Espa\u00f1ol\">European Spanish<\/a>.<\/p>","protected":false},"excerpt":{"rendered":"<p>Sorry, this entry is only available in European Spanish.<\/p>\n","protected":false},"author":61,"featured_media":59260,"parent":59135,"menu_order":0,"comment_status":"closed","ping_status":"closed","template":"entrada-prensa.php","meta":[],"_links":{"self":[{"href":"https:\/\/www.cne.cl\/en\/wp-json\/wp\/v2\/pages\/59253"}],"collection":[{"href":"https:\/\/www.cne.cl\/en\/wp-json\/wp\/v2\/pages"}],"about":[{"href":"https:\/\/www.cne.cl\/en\/wp-json\/wp\/v2\/types\/page"}],"author":[{"embeddable":true,"href":"https:\/\/www.cne.cl\/en\/wp-json\/wp\/v2\/users\/61"}],"replies":[{"embeddable":true,"href":"https:\/\/www.cne.cl\/en\/wp-json\/wp\/v2\/comments?post=59253"}],"version-history":[{"count":1,"href":"https:\/\/www.cne.cl\/en\/wp-json\/wp\/v2\/pages\/59253\/revisions"}],"predecessor-version":[{"id":59261,"href":"https:\/\/www.cne.cl\/en\/wp-json\/wp\/v2\/pages\/59253\/revisions\/59261"}],"up":[{"embeddable":true,"href":"https:\/\/www.cne.cl\/en\/wp-json\/wp\/v2\/pages\/59135"}],"wp:featuredmedia":[{"embeddable":true,"href":"https:\/\/www.cne.cl\/en\/wp-json\/wp\/v2\/media\/59260"}],"wp:attachment":[{"href":"https:\/\/www.cne.cl\/en\/wp-json\/wp\/v2\/media?parent=59253"}],"curies":[{"name":"wp","href":"https:\/\/api.w.org\/{rel}","templated":true}]}}

(Español) Ministra Rincón sostiene primera reunión con la CNE y organismos del sector energético

<p class="qtranxs-available-languages-message qtranxs-available-languages-message-en">Sorry, this entry is only available in <a href="https://www.cne.cl/es/wp-json/wp/v2/pages/59253" class="qtranxs-available-language-link qtranxs-available-language-link-es" title="Español">European Spanish</a>.</p>
