

{"id":59224,"date":"2026-03-10T10:13:28","date_gmt":"2026-03-10T13:13:28","guid":{"rendered":"https:\/\/www.cne.cl\/?page_id=59224"},"modified":"2026-03-11T11:32:45","modified_gmt":"2026-03-11T14:32:45","slug":"publicadas-las-bases-tecnicas-y-administrativas-definitivas-para-el-proceso-tarifario-de-gas-en-magallanes-y-la-antartica-chilena","status":"publish","type":"page","link":"https:\/\/www.cne.cl\/en\/prensa\/prensa-2026\/03-marzo-2026\/publicadas-las-bases-tecnicas-y-administrativas-definitivas-para-el-proceso-tarifario-de-gas-en-magallanes-y-la-antartica-chilena\/","title":{"rendered":"(Espa\u00f1ol) Publicadas las Bases T\u00e9cnicas y Administrativas Definitivas para el proceso tarifario de gas en Magallanes y la Ant\u00e1rtica Chilena"},"content":{"rendered":"<p class=\"qtranxs-available-languages-message qtranxs-available-languages-message-en\">Sorry, this entry is only available in <a href=\"https:\/\/www.cne.cl\/es\/wp-json\/wp\/v2\/pages\/59224\" class=\"qtranxs-available-language-link qtranxs-available-language-link-es\" title=\"Espa\u00f1ol\">European Spanish<\/a>.<\/p>","protected":false},"excerpt":{"rendered":"<p>Sorry, this entry is only available in European Spanish.<\/p>\n","protected":false},"author":61,"featured_media":59225,"parent":59135,"menu_order":0,"comment_status":"closed","ping_status":"closed","template":"entrada-prensa.php","meta":[],"_links":{"self":[{"href":"https:\/\/www.cne.cl\/en\/wp-json\/wp\/v2\/pages\/59224"}],"collection":[{"href":"https:\/\/www.cne.cl\/en\/wp-json\/wp\/v2\/pages"}],"about":[{"href":"https:\/\/www.cne.cl\/en\/wp-json\/wp\/v2\/types\/page"}],"author":[{"embeddable":true,"href":"https:\/\/www.cne.cl\/en\/wp-json\/wp\/v2\/users\/61"}],"replies":[{"embeddable":true,"href":"https:\/\/www.cne.cl\/en\/wp-json\/wp\/v2\/comments?post=59224"}],"version-history":[{"count":1,"href":"https:\/\/www.cne.cl\/en\/wp-json\/wp\/v2\/pages\/59224\/revisions"}],"predecessor-version":[{"id":59227,"href":"https:\/\/www.cne.cl\/en\/wp-json\/wp\/v2\/pages\/59224\/revisions\/59227"}],"up":[{"embeddable":true,"href":"https:\/\/www.cne.cl\/en\/wp-json\/wp\/v2\/pages\/59135"}],"wp:featuredmedia":[{"embeddable":true,"href":"https:\/\/www.cne.cl\/en\/wp-json\/wp\/v2\/media\/59225"}],"wp:attachment":[{"href":"https:\/\/www.cne.cl\/en\/wp-json\/wp\/v2\/media?parent=59224"}],"curies":[{"name":"wp","href":"https:\/\/api.w.org\/{rel}","templated":true}]}}

(Español) Publicadas las Bases Técnicas y Administrativas Definitivas para el proceso tarifario de gas en Magallanes y la Antártica Chilena

<p class="qtranxs-available-languages-message qtranxs-available-languages-message-en">Sorry, this entry is only available in <a href="https://www.cne.cl/es/wp-json/wp/v2/pages/59224" class="qtranxs-available-language-link qtranxs-available-language-link-es" title="Español">European Spanish</a>.</p>
