

{"id":58523,"date":"2026-01-09T16:53:42","date_gmt":"2026-01-09T19:53:42","guid":{"rendered":"https:\/\/www.cne.cl\/?page_id=58523"},"modified":"2026-03-04T11:36:39","modified_gmt":"2026-03-04T14:36:39","slug":"comision-de-mineria-y-energia-del-senado-recibe-a-la-cne-por-tema-de-rebaja-tarifaria","status":"publish","type":"page","link":"https:\/\/www.cne.cl\/en\/prensa\/prensa-2026\/01-enero-2026\/comision-de-mineria-y-energia-del-senado-recibe-a-la-cne-por-tema-de-rebaja-tarifaria\/","title":{"rendered":"(Espa\u00f1ol) Comisi\u00f3n de Miner\u00eda y Energ\u00eda del Senado recibe a la CNE por rebaja tarifaria"},"content":{"rendered":"<p class=\"qtranxs-available-languages-message qtranxs-available-languages-message-en\">Sorry, this entry is only available in <a href=\"https:\/\/www.cne.cl\/es\/wp-json\/wp\/v2\/pages\/58523\" class=\"qtranxs-available-language-link qtranxs-available-language-link-es\" title=\"Espa\u00f1ol\">European Spanish<\/a>.<\/p>","protected":false},"excerpt":{"rendered":"<p>Sorry, this entry is only available in European Spanish.<\/p>\n","protected":false},"author":61,"featured_media":58533,"parent":58453,"menu_order":0,"comment_status":"closed","ping_status":"closed","template":"entrada-prensa.php","meta":[],"_links":{"self":[{"href":"https:\/\/www.cne.cl\/en\/wp-json\/wp\/v2\/pages\/58523"}],"collection":[{"href":"https:\/\/www.cne.cl\/en\/wp-json\/wp\/v2\/pages"}],"about":[{"href":"https:\/\/www.cne.cl\/en\/wp-json\/wp\/v2\/types\/page"}],"author":[{"embeddable":true,"href":"https:\/\/www.cne.cl\/en\/wp-json\/wp\/v2\/users\/61"}],"replies":[{"embeddable":true,"href":"https:\/\/www.cne.cl\/en\/wp-json\/wp\/v2\/comments?post=58523"}],"version-history":[{"count":5,"href":"https:\/\/www.cne.cl\/en\/wp-json\/wp\/v2\/pages\/58523\/revisions"}],"predecessor-version":[{"id":59143,"href":"https:\/\/www.cne.cl\/en\/wp-json\/wp\/v2\/pages\/58523\/revisions\/59143"}],"up":[{"embeddable":true,"href":"https:\/\/www.cne.cl\/en\/wp-json\/wp\/v2\/pages\/58453"}],"wp:featuredmedia":[{"embeddable":true,"href":"https:\/\/www.cne.cl\/en\/wp-json\/wp\/v2\/media\/58533"}],"wp:attachment":[{"href":"https:\/\/www.cne.cl\/en\/wp-json\/wp\/v2\/media?parent=58523"}],"curies":[{"name":"wp","href":"https:\/\/api.w.org\/{rel}","templated":true}]}}

(Español) Comisión de Minería y Energía del Senado recibe a la CNE por rebaja tarifaria

<p class="qtranxs-available-languages-message qtranxs-available-languages-message-en">Sorry, this entry is only available in <a href="https://www.cne.cl/es/wp-json/wp/v2/pages/58523" class="qtranxs-available-language-link qtranxs-available-language-link-es" title="Español">European Spanish</a>.</p>
