

{"id":58050,"date":"2025-08-01T13:21:51","date_gmt":"2025-08-01T17:21:51","guid":{"rendered":"https:\/\/www.cne.cl\/?page_id=58050"},"modified":"2025-12-16T13:34:45","modified_gmt":"2025-12-16T16:34:45","slug":"marco-mancilla-interviene-en-adaptar-para-resistir-esta-la-regulacion-electrica-a-la-altura","status":"publish","type":"page","link":"https:\/\/www.cne.cl\/en\/prensa\/prensa-2025\/08-agosto-2025\/marco-mancilla-interviene-en-adaptar-para-resistir-esta-la-regulacion-electrica-a-la-altura\/","title":{"rendered":"(Espa\u00f1ol) Marco Mancilla interviene en &#8220;Adaptar para resistir. \u00bfEst\u00e1 la regulaci\u00f3n el\u00e9ctrica a la altura?&#8221;"},"content":{"rendered":"<p class=\"qtranxs-available-languages-message qtranxs-available-languages-message-en\">Sorry, this entry is only available in <a href=\"https:\/\/www.cne.cl\/es\/wp-json\/wp\/v2\/pages\/58050\" class=\"qtranxs-available-language-link qtranxs-available-language-link-es\" title=\"Espa\u00f1ol\">European Spanish<\/a>.<\/p>","protected":false},"excerpt":{"rendered":"<p>Sorry, this entry is only available in European Spanish.<\/p>\n","protected":false},"author":61,"featured_media":58069,"parent":58052,"menu_order":0,"comment_status":"closed","ping_status":"closed","template":"entrada-prensa.php","meta":[],"_links":{"self":[{"href":"https:\/\/www.cne.cl\/en\/wp-json\/wp\/v2\/pages\/58050"}],"collection":[{"href":"https:\/\/www.cne.cl\/en\/wp-json\/wp\/v2\/pages"}],"about":[{"href":"https:\/\/www.cne.cl\/en\/wp-json\/wp\/v2\/types\/page"}],"author":[{"embeddable":true,"href":"https:\/\/www.cne.cl\/en\/wp-json\/wp\/v2\/users\/61"}],"replies":[{"embeddable":true,"href":"https:\/\/www.cne.cl\/en\/wp-json\/wp\/v2\/comments?post=58050"}],"version-history":[{"count":3,"href":"https:\/\/www.cne.cl\/en\/wp-json\/wp\/v2\/pages\/58050\/revisions"}],"predecessor-version":[{"id":58071,"href":"https:\/\/www.cne.cl\/en\/wp-json\/wp\/v2\/pages\/58050\/revisions\/58071"}],"up":[{"embeddable":true,"href":"https:\/\/www.cne.cl\/en\/wp-json\/wp\/v2\/pages\/58052"}],"wp:featuredmedia":[{"embeddable":true,"href":"https:\/\/www.cne.cl\/en\/wp-json\/wp\/v2\/media\/58069"}],"wp:attachment":[{"href":"https:\/\/www.cne.cl\/en\/wp-json\/wp\/v2\/media?parent=58050"}],"curies":[{"name":"wp","href":"https:\/\/api.w.org\/{rel}","templated":true}]}}

(Español) Marco Mancilla interviene en &#8220;Adaptar para resistir. ¿Está la regulación eléctrica a la altura?&#8221;

<p class="qtranxs-available-languages-message qtranxs-available-languages-message-en">Sorry, this entry is only available in <a href="https://www.cne.cl/es/wp-json/wp/v2/pages/58050" class="qtranxs-available-language-link qtranxs-available-language-link-es" title="Español">European Spanish</a>.</p>
