

{"id":57985,"date":"2025-06-18T18:00:47","date_gmt":"2025-06-18T22:00:47","guid":{"rendered":"https:\/\/www.cne.cl\/?page_id=57985"},"modified":"2025-12-16T12:33:46","modified_gmt":"2025-12-16T15:33:46","slug":"inauguracion-del-proyecto-nueva-linea-2x220-kv-nueva-alto-melipilla-nueva-casablanca-la-polvora-agua-santa","status":"publish","type":"page","link":"https:\/\/www.cne.cl\/en\/prensa\/prensa-2025\/06-junio-2025\/inauguracion-del-proyecto-nueva-linea-2x220-kv-nueva-alto-melipilla-nueva-casablanca-la-polvora-agua-santa\/","title":{"rendered":"(Espa\u00f1ol) Inauguraci\u00f3n del proyecto &#8220;Nueva L\u00ednea 2&#215;220 kV Nueva Alto Melipilla-Nueva Casablanca-La P\u00f3lvora-Agua Santa\u201d"},"content":{"rendered":"<p class=\"qtranxs-available-languages-message qtranxs-available-languages-message-en\">Sorry, this entry is only available in <a href=\"https:\/\/www.cne.cl\/es\/wp-json\/wp\/v2\/pages\/57985\" class=\"qtranxs-available-language-link qtranxs-available-language-link-es\" title=\"Espa\u00f1ol\">European Spanish<\/a>.<\/p>","protected":false},"excerpt":{"rendered":"<p>Sorry, this entry is only available in European Spanish.<\/p>\n","protected":false},"author":61,"featured_media":57986,"parent":55665,"menu_order":0,"comment_status":"closed","ping_status":"closed","template":"entrada-prensa.php","meta":[],"_links":{"self":[{"href":"https:\/\/www.cne.cl\/en\/wp-json\/wp\/v2\/pages\/57985"}],"collection":[{"href":"https:\/\/www.cne.cl\/en\/wp-json\/wp\/v2\/pages"}],"about":[{"href":"https:\/\/www.cne.cl\/en\/wp-json\/wp\/v2\/types\/page"}],"author":[{"embeddable":true,"href":"https:\/\/www.cne.cl\/en\/wp-json\/wp\/v2\/users\/61"}],"replies":[{"embeddable":true,"href":"https:\/\/www.cne.cl\/en\/wp-json\/wp\/v2\/comments?post=57985"}],"version-history":[{"count":1,"href":"https:\/\/www.cne.cl\/en\/wp-json\/wp\/v2\/pages\/57985\/revisions"}],"predecessor-version":[{"id":57987,"href":"https:\/\/www.cne.cl\/en\/wp-json\/wp\/v2\/pages\/57985\/revisions\/57987"}],"up":[{"embeddable":true,"href":"https:\/\/www.cne.cl\/en\/wp-json\/wp\/v2\/pages\/55665"}],"wp:featuredmedia":[{"embeddable":true,"href":"https:\/\/www.cne.cl\/en\/wp-json\/wp\/v2\/media\/57986"}],"wp:attachment":[{"href":"https:\/\/www.cne.cl\/en\/wp-json\/wp\/v2\/media?parent=57985"}],"curies":[{"name":"wp","href":"https:\/\/api.w.org\/{rel}","templated":true}]}}

(Español) Inauguración del proyecto &#8220;Nueva Línea 2&#215;220 kV Nueva Alto Melipilla-Nueva Casablanca-La Pólvora-Agua Santa”

<p class="qtranxs-available-languages-message qtranxs-available-languages-message-en">Sorry, this entry is only available in <a href="https://www.cne.cl/es/wp-json/wp/v2/pages/57985" class="qtranxs-available-language-link qtranxs-available-language-link-es" title="Español">European Spanish</a>.</p>
