

{"id":57145,"date":"2025-11-25T16:41:02","date_gmt":"2025-11-25T19:41:02","guid":{"rendered":"https:\/\/www.cne.cl\/?page_id=57145"},"modified":"2026-01-28T15:32:44","modified_gmt":"2026-01-28T18:32:44","slug":"cne-destaca-participacion-de-maria-jose-zavala-en-la-7a-generacion-del-programa-women-in-energy-de-wec-chile","status":"publish","type":"page","link":"https:\/\/www.cne.cl\/en\/prensa\/prensa-2025\/11-noviembre-2025\/cne-destaca-participacion-de-maria-jose-zavala-en-la-7a-generacion-del-programa-women-in-energy-de-wec-chile\/","title":{"rendered":"(Espa\u00f1ol) CNE destaca participaci\u00f3n de Mar\u00eda Jos\u00e9 Zavala en la 7\u00aa generaci\u00f3n del programa Women in Energy de WEC Chile"},"content":{"rendered":"<p class=\"qtranxs-available-languages-message qtranxs-available-languages-message-en\">Sorry, this entry is only available in <a href=\"https:\/\/www.cne.cl\/es\/wp-json\/wp\/v2\/pages\/57145\" class=\"qtranxs-available-language-link qtranxs-available-language-link-es\" title=\"Espa\u00f1ol\">European Spanish<\/a>.<\/p>","protected":false},"excerpt":{"rendered":"<p>Sorry, this entry is only available in European Spanish.<\/p>\n","protected":false},"author":61,"featured_media":57174,"parent":57100,"menu_order":0,"comment_status":"closed","ping_status":"closed","template":"entrada-prensa.php","meta":[],"_links":{"self":[{"href":"https:\/\/www.cne.cl\/en\/wp-json\/wp\/v2\/pages\/57145"}],"collection":[{"href":"https:\/\/www.cne.cl\/en\/wp-json\/wp\/v2\/pages"}],"about":[{"href":"https:\/\/www.cne.cl\/en\/wp-json\/wp\/v2\/types\/page"}],"author":[{"embeddable":true,"href":"https:\/\/www.cne.cl\/en\/wp-json\/wp\/v2\/users\/61"}],"replies":[{"embeddable":true,"href":"https:\/\/www.cne.cl\/en\/wp-json\/wp\/v2\/comments?post=57145"}],"version-history":[{"count":10,"href":"https:\/\/www.cne.cl\/en\/wp-json\/wp\/v2\/pages\/57145\/revisions"}],"predecessor-version":[{"id":58696,"href":"https:\/\/www.cne.cl\/en\/wp-json\/wp\/v2\/pages\/57145\/revisions\/58696"}],"up":[{"embeddable":true,"href":"https:\/\/www.cne.cl\/en\/wp-json\/wp\/v2\/pages\/57100"}],"wp:featuredmedia":[{"embeddable":true,"href":"https:\/\/www.cne.cl\/en\/wp-json\/wp\/v2\/media\/57174"}],"wp:attachment":[{"href":"https:\/\/www.cne.cl\/en\/wp-json\/wp\/v2\/media?parent=57145"}],"curies":[{"name":"wp","href":"https:\/\/api.w.org\/{rel}","templated":true}]}}

(Español) CNE destaca participación de María José Zavala en la 7ª generación del programa Women in Energy de WEC Chile

<p class="qtranxs-available-languages-message qtranxs-available-languages-message-en">Sorry, this entry is only available in <a href="https://www.cne.cl/es/wp-json/wp/v2/pages/57145" class="qtranxs-available-language-link qtranxs-available-language-link-es" title="Español">European Spanish</a>.</p>
