

{"id":52469,"date":"2024-07-23T13:00:53","date_gmt":"2024-07-23T17:00:53","guid":{"rendered":"https:\/\/www.cne.cl\/?page_id=52469"},"modified":"2024-11-07T12:03:26","modified_gmt":"2024-11-07T15:03:26","slug":"contraloria-general-de-la-republica-ratifica-legalidad-de-la-eliminacion-de-la-compensacion-tipo-b-del-impuesto-verde-aplicada-por-la-cne","status":"publish","type":"page","link":"https:\/\/www.cne.cl\/en\/prensa\/prensa-2024\/7-julio-2024\/contraloria-general-de-la-republica-ratifica-legalidad-de-la-eliminacion-de-la-compensacion-tipo-b-del-impuesto-verde-aplicada-por-la-cne\/","title":{"rendered":"Contralor\u00eda General de la Rep\u00fablica ratifica legalidad de la eliminaci\u00f3n de la compensaci\u00f3n tipo B del impuesto verde aplicada por la CNE"},"content":{"rendered":"<p class=\"qtranxs-available-languages-message qtranxs-available-languages-message-en\">Sorry, this entry is only available in <a href=\"https:\/\/www.cne.cl\/es\/wp-json\/wp\/v2\/pages\/52469\" class=\"qtranxs-available-language-link qtranxs-available-language-link-es\" title=\"Espa\u00f1ol\">European Spanish<\/a>.<\/p>","protected":false},"excerpt":{"rendered":"<p>Sorry, this entry is only available in European Spanish.<\/p>\n","protected":false},"author":3,"featured_media":0,"parent":52314,"menu_order":5,"comment_status":"closed","ping_status":"closed","template":"entrada-prensa.php","meta":[],"_links":{"self":[{"href":"https:\/\/www.cne.cl\/en\/wp-json\/wp\/v2\/pages\/52469"}],"collection":[{"href":"https:\/\/www.cne.cl\/en\/wp-json\/wp\/v2\/pages"}],"about":[{"href":"https:\/\/www.cne.cl\/en\/wp-json\/wp\/v2\/types\/page"}],"author":[{"embeddable":true,"href":"https:\/\/www.cne.cl\/en\/wp-json\/wp\/v2\/users\/3"}],"replies":[{"embeddable":true,"href":"https:\/\/www.cne.cl\/en\/wp-json\/wp\/v2\/comments?post=52469"}],"version-history":[{"count":4,"href":"https:\/\/www.cne.cl\/en\/wp-json\/wp\/v2\/pages\/52469\/revisions"}],"predecessor-version":[{"id":53267,"href":"https:\/\/www.cne.cl\/en\/wp-json\/wp\/v2\/pages\/52469\/revisions\/53267"}],"up":[{"embeddable":true,"href":"https:\/\/www.cne.cl\/en\/wp-json\/wp\/v2\/pages\/52314"}],"wp:attachment":[{"href":"https:\/\/www.cne.cl\/en\/wp-json\/wp\/v2\/media?parent=52469"}],"curies":[{"name":"wp","href":"https:\/\/api.w.org\/{rel}","templated":true}]}}

Contraloría General de la República ratifica legalidad de la eliminación de la compensación tipo B del impuesto verde aplicada por la CNE

<p class="qtranxs-available-languages-message qtranxs-available-languages-message-en">Sorry, this entry is only available in <a href="https://www.cne.cl/es/wp-json/wp/v2/pages/52469" class="qtranxs-available-language-link qtranxs-available-language-link-es" title="Español">European Spanish</a>.</p>
