

{"id":46808,"date":"2022-12-28T12:20:54","date_gmt":"2022-12-28T15:20:54","guid":{"rendered":"https:\/\/www.cne.cl\/prensa\/prensa-2022\/12-diciembre-2022\/cne-realizo-ultima-sesion-del-consejo-de-la-sociedad-civil-paritario-2021-2022\/"},"modified":"2023-04-03T20:45:14","modified_gmt":"2023-04-04T00:45:14","slug":"cne-realizo-ultima-sesion-del-consejo-de-la-sociedad-civil-paritario-2021-2022","status":"publish","type":"page","link":"https:\/\/www.cne.cl\/en\/prensa\/prensa-2022\/12-diciembre-2022\/cne-realizo-ultima-sesion-del-consejo-de-la-sociedad-civil-paritario-2021-2022\/","title":{"rendered":"CNE realiz\u00f3 \u00faltima sesi\u00f3n del Consejo de la Sociedad Civil Paritario 2021-2022"},"content":{"rendered":"<p class=\"qtranxs-available-languages-message qtranxs-available-languages-message-en\">Sorry, this entry is only available in <a href=\"https:\/\/www.cne.cl\/es\/wp-json\/wp\/v2\/pages\/46808\" class=\"qtranxs-available-language-link qtranxs-available-language-link-es\" title=\"Espa\u00f1ol\">European Spanish<\/a>.<\/p>","protected":false},"excerpt":{"rendered":"<p>Sorry, this entry is only available in European Spanish.<\/p>\n","protected":false},"author":3,"featured_media":0,"parent":46554,"menu_order":2,"comment_status":"closed","ping_status":"closed","template":"entrada-prensa.php","meta":[],"_links":{"self":[{"href":"https:\/\/www.cne.cl\/en\/wp-json\/wp\/v2\/pages\/46808"}],"collection":[{"href":"https:\/\/www.cne.cl\/en\/wp-json\/wp\/v2\/pages"}],"about":[{"href":"https:\/\/www.cne.cl\/en\/wp-json\/wp\/v2\/types\/page"}],"author":[{"embeddable":true,"href":"https:\/\/www.cne.cl\/en\/wp-json\/wp\/v2\/users\/3"}],"replies":[{"embeddable":true,"href":"https:\/\/www.cne.cl\/en\/wp-json\/wp\/v2\/comments?post=46808"}],"version-history":[{"count":4,"href":"https:\/\/www.cne.cl\/en\/wp-json\/wp\/v2\/pages\/46808\/revisions"}],"predecessor-version":[{"id":47826,"href":"https:\/\/www.cne.cl\/en\/wp-json\/wp\/v2\/pages\/46808\/revisions\/47826"}],"up":[{"embeddable":true,"href":"https:\/\/www.cne.cl\/en\/wp-json\/wp\/v2\/pages\/46554"}],"wp:attachment":[{"href":"https:\/\/www.cne.cl\/en\/wp-json\/wp\/v2\/media?parent=46808"}],"curies":[{"name":"wp","href":"https:\/\/api.w.org\/{rel}","templated":true}]}}

CNE realizó última sesión del Consejo de la Sociedad Civil Paritario 2021-2022

<p class="qtranxs-available-languages-message qtranxs-available-languages-message-en">Sorry, this entry is only available in <a href="https://www.cne.cl/es/wp-json/wp/v2/pages/46808" class="qtranxs-available-language-link qtranxs-available-language-link-es" title="Español">European Spanish</a>.</p>
