

{"id":45880,"date":"2022-09-28T15:30:25","date_gmt":"2022-09-28T18:30:25","guid":{"rendered":"https:\/\/www.cne.cl\/?page_id=45880"},"modified":"2022-11-15T11:31:21","modified_gmt":"2022-11-15T14:31:21","slug":"cne-inicia-consulta-publica-del-capitulo-sobre-declaracion-de-costos-variables-de-la-norma-tecnica-de-coordinacion-y-operacion","status":"publish","type":"page","link":"https:\/\/www.cne.cl\/en\/prensa\/prensa-2022\/09-septiembre-2022\/cne-inicia-consulta-publica-del-capitulo-sobre-declaracion-de-costos-variables-de-la-norma-tecnica-de-coordinacion-y-operacion\/","title":{"rendered":"(Espa\u00f1ol) CNE inicia Consulta P\u00fablica del cap\u00edtulo sobre Declaraci\u00f3n de Costos Variables de la norma t\u00e9cnica de Coordinaci\u00f3n y Operaci\u00f3n"},"content":{"rendered":"<p class=\"qtranxs-available-languages-message qtranxs-available-languages-message-en\">Sorry, this entry is only available in <a href=\"https:\/\/www.cne.cl\/es\/wp-json\/wp\/v2\/pages\/45880\" class=\"qtranxs-available-language-link qtranxs-available-language-link-es\" title=\"Espa\u00f1ol\">European Spanish<\/a>.<\/p>","protected":false},"excerpt":{"rendered":"<p>Sorry, this entry is only available in European Spanish.<\/p>\n","protected":false},"author":3,"featured_media":0,"parent":45592,"menu_order":2,"comment_status":"closed","ping_status":"closed","template":"entrada-prensa.php","meta":[],"_links":{"self":[{"href":"https:\/\/www.cne.cl\/en\/wp-json\/wp\/v2\/pages\/45880"}],"collection":[{"href":"https:\/\/www.cne.cl\/en\/wp-json\/wp\/v2\/pages"}],"about":[{"href":"https:\/\/www.cne.cl\/en\/wp-json\/wp\/v2\/types\/page"}],"author":[{"embeddable":true,"href":"https:\/\/www.cne.cl\/en\/wp-json\/wp\/v2\/users\/3"}],"replies":[{"embeddable":true,"href":"https:\/\/www.cne.cl\/en\/wp-json\/wp\/v2\/comments?post=45880"}],"version-history":[{"count":3,"href":"https:\/\/www.cne.cl\/en\/wp-json\/wp\/v2\/pages\/45880\/revisions"}],"predecessor-version":[{"id":46335,"href":"https:\/\/www.cne.cl\/en\/wp-json\/wp\/v2\/pages\/45880\/revisions\/46335"}],"up":[{"embeddable":true,"href":"https:\/\/www.cne.cl\/en\/wp-json\/wp\/v2\/pages\/45592"}],"wp:attachment":[{"href":"https:\/\/www.cne.cl\/en\/wp-json\/wp\/v2\/media?parent=45880"}],"curies":[{"name":"wp","href":"https:\/\/api.w.org\/{rel}","templated":true}]}}

(Español) CNE inicia Consulta Pública del capítulo sobre Declaración de Costos Variables de la norma técnica de Coordinación y Operación

<p class="qtranxs-available-languages-message qtranxs-available-languages-message-en">Sorry, this entry is only available in <a href="https://www.cne.cl/es/wp-json/wp/v2/pages/45880" class="qtranxs-available-language-link qtranxs-available-language-link-es" title="Español">European Spanish</a>.</p>
