

{"id":41367,"date":"2021-09-22T19:49:47","date_gmt":"2021-09-22T22:49:47","guid":{"rendered":"https:\/\/www.cne.cl\/?page_id=41367"},"modified":"2021-11-10T17:46:15","modified_gmt":"2021-11-10T20:46:15","slug":"3-feria-energia-mujer-2021-adaptacion-y-transformacion-con-energia-de-mujer","status":"publish","type":"page","link":"https:\/\/www.cne.cl\/en\/prensa\/prensa-2021\/09-septiembre-2021\/3-feria-energia-mujer-2021-adaptacion-y-transformacion-con-energia-de-mujer\/","title":{"rendered":"(Espa\u00f1ol) 3\u00b0 Feria Energ\u00eda + Mujer 2021:  Adaptaci\u00f3n y Transformaci\u00f3n con Energ\u00eda de Mujer"},"content":{"rendered":"<p class=\"qtranxs-available-languages-message qtranxs-available-languages-message-en\">Sorry, this entry is only available in <a href=\"https:\/\/www.cne.cl\/es\/wp-json\/wp\/v2\/pages\/41367\" class=\"qtranxs-available-language-link qtranxs-available-language-link-es\" title=\"Espa\u00f1ol\">European Spanish<\/a>.<\/p>","protected":false},"excerpt":{"rendered":"<p>Sorry, this entry is only available in European Spanish.<\/p>\n","protected":false},"author":3,"featured_media":41371,"parent":40907,"menu_order":1,"comment_status":"closed","ping_status":"closed","template":"entrada-prensa.php","meta":[],"_links":{"self":[{"href":"https:\/\/www.cne.cl\/en\/wp-json\/wp\/v2\/pages\/41367"}],"collection":[{"href":"https:\/\/www.cne.cl\/en\/wp-json\/wp\/v2\/pages"}],"about":[{"href":"https:\/\/www.cne.cl\/en\/wp-json\/wp\/v2\/types\/page"}],"author":[{"embeddable":true,"href":"https:\/\/www.cne.cl\/en\/wp-json\/wp\/v2\/users\/3"}],"replies":[{"embeddable":true,"href":"https:\/\/www.cne.cl\/en\/wp-json\/wp\/v2\/comments?post=41367"}],"version-history":[{"count":3,"href":"https:\/\/www.cne.cl\/en\/wp-json\/wp\/v2\/pages\/41367\/revisions"}],"predecessor-version":[{"id":41773,"href":"https:\/\/www.cne.cl\/en\/wp-json\/wp\/v2\/pages\/41367\/revisions\/41773"}],"up":[{"embeddable":true,"href":"https:\/\/www.cne.cl\/en\/wp-json\/wp\/v2\/pages\/40907"}],"wp:featuredmedia":[{"embeddable":true,"href":"https:\/\/www.cne.cl\/en\/wp-json\/wp\/v2\/media\/41371"}],"wp:attachment":[{"href":"https:\/\/www.cne.cl\/en\/wp-json\/wp\/v2\/media?parent=41367"}],"curies":[{"name":"wp","href":"https:\/\/api.w.org\/{rel}","templated":true}]}}

(Español) 3° Feria Energía + Mujer 2021:  Adaptación y Transformación con Energía de Mujer

<p class="qtranxs-available-languages-message qtranxs-available-languages-message-en">Sorry, this entry is only available in <a href="https://www.cne.cl/es/wp-json/wp/v2/pages/41367" class="qtranxs-available-language-link qtranxs-available-language-link-es" title="Español">European Spanish</a>.</p>
