

{"id":35032,"date":"2021-01-29T15:59:04","date_gmt":"2021-01-29T18:59:04","guid":{"rendered":"http:\/\/www.cne.cl\/?page_id=35032"},"modified":"2021-04-08T10:42:02","modified_gmt":"2021-04-08T14:42:02","slug":"cne-presenta-propuesta-preliminar-de-modificacion-a-la-norma-tecnica-de-gas-natural-regasificado","status":"publish","type":"page","link":"https:\/\/www.cne.cl\/en\/prensa\/prensa-2021\/01-enero-2021\/cne-presenta-propuesta-preliminar-de-modificacion-a-la-norma-tecnica-de-gas-natural-regasificado\/","title":{"rendered":"(Espa\u00f1ol) CNE presenta propuesta preliminar de modificaci\u00f3n a la norma t\u00e9cnica de gas natural regasificado"},"content":{"rendered":"<p class=\"qtranxs-available-languages-message qtranxs-available-languages-message-en\">Sorry, this entry is only available in <a href=\"https:\/\/www.cne.cl\/es\/wp-json\/wp\/v2\/pages\/35032\" class=\"qtranxs-available-language-link qtranxs-available-language-link-es\" title=\"Espa\u00f1ol\">European Spanish<\/a>.<\/p>","protected":false},"excerpt":{"rendered":"<p>Sorry, this entry is only available in European Spanish.<\/p>\n","protected":false},"author":3,"featured_media":0,"parent":34000,"menu_order":1,"comment_status":"closed","ping_status":"closed","template":"entrada-prensa.php","meta":[],"_links":{"self":[{"href":"https:\/\/www.cne.cl\/en\/wp-json\/wp\/v2\/pages\/35032"}],"collection":[{"href":"https:\/\/www.cne.cl\/en\/wp-json\/wp\/v2\/pages"}],"about":[{"href":"https:\/\/www.cne.cl\/en\/wp-json\/wp\/v2\/types\/page"}],"author":[{"embeddable":true,"href":"https:\/\/www.cne.cl\/en\/wp-json\/wp\/v2\/users\/3"}],"replies":[{"embeddable":true,"href":"https:\/\/www.cne.cl\/en\/wp-json\/wp\/v2\/comments?post=35032"}],"version-history":[{"count":6,"href":"https:\/\/www.cne.cl\/en\/wp-json\/wp\/v2\/pages\/35032\/revisions"}],"predecessor-version":[{"id":36961,"href":"https:\/\/www.cne.cl\/en\/wp-json\/wp\/v2\/pages\/35032\/revisions\/36961"}],"up":[{"embeddable":true,"href":"https:\/\/www.cne.cl\/en\/wp-json\/wp\/v2\/pages\/34000"}],"wp:attachment":[{"href":"https:\/\/www.cne.cl\/en\/wp-json\/wp\/v2\/media?parent=35032"}],"curies":[{"name":"wp","href":"https:\/\/api.w.org\/{rel}","templated":true}]}}

(Español) CNE presenta propuesta preliminar de modificación a la norma técnica de gas natural regasificado

<p class="qtranxs-available-languages-message qtranxs-available-languages-message-en">Sorry, this entry is only available in <a href="https://www.cne.cl/es/wp-json/wp/v2/pages/35032" class="qtranxs-available-language-link qtranxs-available-language-link-es" title="Español">European Spanish</a>.</p>
