

{"id":31987,"date":"2020-11-19T10:45:42","date_gmt":"2020-11-19T13:45:42","guid":{"rendered":"http:\/\/www.cne.cl\/?page_id=31987"},"modified":"2021-01-07T10:52:25","modified_gmt":"2021-01-07T13:52:25","slug":"secretario-ejecutivo-de-cne-participo-en-v-semana-de-la-energia-organizada-por-olade-y-bid","status":"publish","type":"page","link":"https:\/\/www.cne.cl\/en\/prensa\/prensa-2020\/noviembre-11\/secretario-ejecutivo-de-cne-participo-en-v-semana-de-la-energia-organizada-por-olade-y-bid\/","title":{"rendered":"(Espa\u00f1ol) Secretario Ejecutivo de CNE particip\u00f3 en V Semana de la Energ\u00eda organizada por OLADE y BID"},"content":{"rendered":"<p class=\"qtranxs-available-languages-message qtranxs-available-languages-message-en\">Sorry, this entry is only available in <a href=\"https:\/\/www.cne.cl\/es\/wp-json\/wp\/v2\/pages\/31987\" class=\"qtranxs-available-language-link qtranxs-available-language-link-es\" title=\"Espa\u00f1ol\">European Spanish<\/a>.<\/p>","protected":false},"excerpt":{"rendered":"<p>Sorry, this entry is only available in European Spanish.<\/p>\n","protected":false},"author":3,"featured_media":31988,"parent":31895,"menu_order":2,"comment_status":"closed","ping_status":"closed","template":"entrada-prensa.php","meta":[],"_links":{"self":[{"href":"https:\/\/www.cne.cl\/en\/wp-json\/wp\/v2\/pages\/31987"}],"collection":[{"href":"https:\/\/www.cne.cl\/en\/wp-json\/wp\/v2\/pages"}],"about":[{"href":"https:\/\/www.cne.cl\/en\/wp-json\/wp\/v2\/types\/page"}],"author":[{"embeddable":true,"href":"https:\/\/www.cne.cl\/en\/wp-json\/wp\/v2\/users\/3"}],"replies":[{"embeddable":true,"href":"https:\/\/www.cne.cl\/en\/wp-json\/wp\/v2\/comments?post=31987"}],"version-history":[{"count":4,"href":"https:\/\/www.cne.cl\/en\/wp-json\/wp\/v2\/pages\/31987\/revisions"}],"predecessor-version":[{"id":34181,"href":"https:\/\/www.cne.cl\/en\/wp-json\/wp\/v2\/pages\/31987\/revisions\/34181"}],"up":[{"embeddable":true,"href":"https:\/\/www.cne.cl\/en\/wp-json\/wp\/v2\/pages\/31895"}],"wp:featuredmedia":[{"embeddable":true,"href":"https:\/\/www.cne.cl\/en\/wp-json\/wp\/v2\/media\/31988"}],"wp:attachment":[{"href":"https:\/\/www.cne.cl\/en\/wp-json\/wp\/v2\/media?parent=31987"}],"curies":[{"name":"wp","href":"https:\/\/api.w.org\/{rel}","templated":true}]}}

(Español) Secretario Ejecutivo de CNE participó en V Semana de la Energía organizada por OLADE y BID

<p class="qtranxs-available-languages-message qtranxs-available-languages-message-en">Sorry, this entry is only available in <a href="https://www.cne.cl/es/wp-json/wp/v2/pages/31987" class="qtranxs-available-language-link qtranxs-available-language-link-es" title="Español">European Spanish</a>.</p>
