

{"id":30857,"date":"2020-09-28T19:21:49","date_gmt":"2020-09-28T22:21:49","guid":{"rendered":"http:\/\/www.cne.cl\/?page_id=30857"},"modified":"2020-09-28T19:21:49","modified_gmt":"2020-09-28T22:21:49","slug":"ministerio-de-energia-y-cne-realizaron-seminario-sobre-proyecto-de-ley-de-portabilidad-electrica","status":"publish","type":"page","link":"https:\/\/www.cne.cl\/en\/prensa\/prensa-2020\/09-septiembre\/ministerio-de-energia-y-cne-realizaron-seminario-sobre-proyecto-de-ley-de-portabilidad-electrica\/","title":{"rendered":"(Espa\u00f1ol) Ministerio de Energ\u00eda y CNE realizaron seminario sobre proyecto de ley de Portabilidad El\u00e9ctrica"},"content":{"rendered":"<p class=\"qtranxs-available-languages-message qtranxs-available-languages-message-en\">Sorry, this entry is only available in <a href=\"https:\/\/www.cne.cl\/es\/wp-json\/wp\/v2\/pages\/30857\" class=\"qtranxs-available-language-link qtranxs-available-language-link-es\" title=\"Espa\u00f1ol\">European Spanish<\/a>.<\/p>","protected":false},"excerpt":{"rendered":"<p>Sorry, this entry is only available in European Spanish.<\/p>\n","protected":false},"author":3,"featured_media":0,"parent":30546,"menu_order":1,"comment_status":"closed","ping_status":"closed","template":"","meta":[],"_links":{"self":[{"href":"https:\/\/www.cne.cl\/en\/wp-json\/wp\/v2\/pages\/30857"}],"collection":[{"href":"https:\/\/www.cne.cl\/en\/wp-json\/wp\/v2\/pages"}],"about":[{"href":"https:\/\/www.cne.cl\/en\/wp-json\/wp\/v2\/types\/page"}],"author":[{"embeddable":true,"href":"https:\/\/www.cne.cl\/en\/wp-json\/wp\/v2\/users\/3"}],"replies":[{"embeddable":true,"href":"https:\/\/www.cne.cl\/en\/wp-json\/wp\/v2\/comments?post=30857"}],"version-history":[{"count":1,"href":"https:\/\/www.cne.cl\/en\/wp-json\/wp\/v2\/pages\/30857\/revisions"}],"predecessor-version":[{"id":30858,"href":"https:\/\/www.cne.cl\/en\/wp-json\/wp\/v2\/pages\/30857\/revisions\/30858"}],"up":[{"embeddable":true,"href":"https:\/\/www.cne.cl\/en\/wp-json\/wp\/v2\/pages\/30546"}],"wp:attachment":[{"href":"https:\/\/www.cne.cl\/en\/wp-json\/wp\/v2\/media?parent=30857"}],"curies":[{"name":"wp","href":"https:\/\/api.w.org\/{rel}","templated":true}]}}

(Español) Ministerio de Energía y CNE realizaron seminario sobre proyecto de ley de Portabilidad Eléctrica

<p class="qtranxs-available-languages-message qtranxs-available-languages-message-en">Sorry, this entry is only available in <a href="https://www.cne.cl/es/wp-json/wp/v2/pages/30857" class="qtranxs-available-language-link qtranxs-available-language-link-es" title="Español">European Spanish</a>.</p>
