

{"id":28158,"date":"2020-05-26T19:42:30","date_gmt":"2020-05-26T23:42:30","guid":{"rendered":"http:\/\/www.cne.cl\/?page_id=28158"},"modified":"2020-05-26T19:43:34","modified_gmt":"2020-05-26T23:43:34","slug":"cne-emitio-informe-tecnico-preliminar-de-fijacion-de-precios-de-nudo-de-julio-2020","status":"publish","type":"page","link":"https:\/\/www.cne.cl\/en\/prensa\/prensa-2020\/05-mayo\/cne-emitio-informe-tecnico-preliminar-de-fijacion-de-precios-de-nudo-de-julio-2020\/","title":{"rendered":"(Espa\u00f1ol) CNE emiti\u00f3 Informe T\u00e9cnico Preliminar de Fijaci\u00f3n de Precios de Nudo de julio 2020"},"content":{"rendered":"<p class=\"qtranxs-available-languages-message qtranxs-available-languages-message-en\">Sorry, this entry is only available in <a href=\"https:\/\/www.cne.cl\/es\/wp-json\/wp\/v2\/pages\/28158\" class=\"qtranxs-available-language-link qtranxs-available-language-link-es\" title=\"Espa\u00f1ol\">European Spanish<\/a>.<\/p>","protected":false},"excerpt":{"rendered":"<p>Sorry, this entry is only available in European Spanish.<\/p>\n","protected":false},"author":3,"featured_media":11755,"parent":27971,"menu_order":3,"comment_status":"closed","ping_status":"closed","template":"entrada-prensa.php","meta":[],"_links":{"self":[{"href":"https:\/\/www.cne.cl\/en\/wp-json\/wp\/v2\/pages\/28158"}],"collection":[{"href":"https:\/\/www.cne.cl\/en\/wp-json\/wp\/v2\/pages"}],"about":[{"href":"https:\/\/www.cne.cl\/en\/wp-json\/wp\/v2\/types\/page"}],"author":[{"embeddable":true,"href":"https:\/\/www.cne.cl\/en\/wp-json\/wp\/v2\/users\/3"}],"replies":[{"embeddable":true,"href":"https:\/\/www.cne.cl\/en\/wp-json\/wp\/v2\/comments?post=28158"}],"version-history":[{"count":2,"href":"https:\/\/www.cne.cl\/en\/wp-json\/wp\/v2\/pages\/28158\/revisions"}],"predecessor-version":[{"id":28165,"href":"https:\/\/www.cne.cl\/en\/wp-json\/wp\/v2\/pages\/28158\/revisions\/28165"}],"up":[{"embeddable":true,"href":"https:\/\/www.cne.cl\/en\/wp-json\/wp\/v2\/pages\/27971"}],"wp:featuredmedia":[{"embeddable":true,"href":"https:\/\/www.cne.cl\/en\/wp-json\/wp\/v2\/media\/11755"}],"wp:attachment":[{"href":"https:\/\/www.cne.cl\/en\/wp-json\/wp\/v2\/media?parent=28158"}],"curies":[{"name":"wp","href":"https:\/\/api.w.org\/{rel}","templated":true}]}}

(Español) CNE emitió Informe Técnico Preliminar de Fijación de Precios de Nudo de julio 2020

<p class="qtranxs-available-languages-message qtranxs-available-languages-message-en">Sorry, this entry is only available in <a href="https://www.cne.cl/es/wp-json/wp/v2/pages/28158" class="qtranxs-available-language-link qtranxs-available-language-link-es" title="Español">European Spanish</a>.</p>
