

{"id":18369,"date":"2018-09-10T09:16:37","date_gmt":"2018-09-10T12:16:37","guid":{"rendered":"http:\/\/www.cne.cl\/?page_id=18369"},"modified":"2018-09-10T10:40:12","modified_gmt":"2018-09-10T13:40:12","slug":"concurso-publico-para-presidente-del-consejo-directivo-del-coordinador-independiente-del-sistema-electrico-nacional","status":"publish","type":"page","link":"https:\/\/www.cne.cl\/en\/concurso-publico-para-presidente-del-consejo-directivo-del-coordinador-independiente-del-sistema-electrico-nacional\/","title":{"rendered":"(Espa\u00f1ol) Concurso P\u00fablico para Presidente del Consejo Directivo del Coordinador Independiente del Sistema El\u00e9ctrico Nacional"},"content":{"rendered":"<p class=\"qtranxs-available-languages-message qtranxs-available-languages-message-en\">Sorry, this entry is only available in <a href=\"https:\/\/www.cne.cl\/es\/wp-json\/wp\/v2\/pages\/18369\" class=\"qtranxs-available-language-link qtranxs-available-language-link-es\" title=\"Espa\u00f1ol\">European Spanish<\/a>.<\/p>","protected":false},"excerpt":{"rendered":"<p>Sorry, this entry is only available in European Spanish.<\/p>\n","protected":false},"author":3,"featured_media":0,"parent":0,"menu_order":36,"comment_status":"closed","ping_status":"closed","template":"","meta":[],"_links":{"self":[{"href":"https:\/\/www.cne.cl\/en\/wp-json\/wp\/v2\/pages\/18369"}],"collection":[{"href":"https:\/\/www.cne.cl\/en\/wp-json\/wp\/v2\/pages"}],"about":[{"href":"https:\/\/www.cne.cl\/en\/wp-json\/wp\/v2\/types\/page"}],"author":[{"embeddable":true,"href":"https:\/\/www.cne.cl\/en\/wp-json\/wp\/v2\/users\/3"}],"replies":[{"embeddable":true,"href":"https:\/\/www.cne.cl\/en\/wp-json\/wp\/v2\/comments?post=18369"}],"version-history":[{"count":4,"href":"https:\/\/www.cne.cl\/en\/wp-json\/wp\/v2\/pages\/18369\/revisions"}],"predecessor-version":[{"id":18395,"href":"https:\/\/www.cne.cl\/en\/wp-json\/wp\/v2\/pages\/18369\/revisions\/18395"}],"wp:attachment":[{"href":"https:\/\/www.cne.cl\/en\/wp-json\/wp\/v2\/media?parent=18369"}],"curies":[{"name":"wp","href":"https:\/\/api.w.org\/{rel}","templated":true}]}}

(Español) Concurso Público para Presidente del Consejo Directivo del Coordinador Independiente del Sistema Eléctrico Nacional

<p class="qtranxs-available-languages-message qtranxs-available-languages-message-en">Sorry, this entry is only available in <a href="https://www.cne.cl/es/wp-json/wp/v2/pages/18369" class="qtranxs-available-language-link qtranxs-available-language-link-es" title="Español">European Spanish</a>.</p>
