

{"id":18097,"date":"2018-08-20T17:40:59","date_gmt":"2018-08-20T20:40:59","guid":{"rendered":"http:\/\/www.cne.cl\/?page_id=18097"},"modified":"2018-09-13T11:38:26","modified_gmt":"2018-09-13T14:38:26","slug":"jose-venegas-inicia-funciones-como-nuevo-secretario-ejecutivo-de-la-comision-nacional-de-energia-cne","status":"publish","type":"page","link":"https:\/\/www.cne.cl\/en\/prensa\/prensa-2018\/08-agosto-2018\/jose-venegas-inicia-funciones-como-nuevo-secretario-ejecutivo-de-la-comision-nacional-de-energia-cne\/","title":{"rendered":"(Espa\u00f1ol) Jos\u00e9 Venegas inicia funciones como nuevo Secretario Ejecutivo de la Comisi\u00f3n Nacional de Energ\u00eda (CNE)"},"content":{"rendered":"<p class=\"qtranxs-available-languages-message qtranxs-available-languages-message-en\">Sorry, this entry is only available in <a href=\"https:\/\/www.cne.cl\/es\/wp-json\/wp\/v2\/pages\/18097\" class=\"qtranxs-available-language-link qtranxs-available-language-link-es\" title=\"Espa\u00f1ol\">European Spanish<\/a>.<\/p>","protected":false},"excerpt":{"rendered":"<p>Sorry, this entry is only available in European Spanish.<\/p>\n","protected":false},"author":3,"featured_media":18051,"parent":18005,"menu_order":1,"comment_status":"closed","ping_status":"closed","template":"entrada-prensa.php","meta":[],"_links":{"self":[{"href":"https:\/\/www.cne.cl\/en\/wp-json\/wp\/v2\/pages\/18097"}],"collection":[{"href":"https:\/\/www.cne.cl\/en\/wp-json\/wp\/v2\/pages"}],"about":[{"href":"https:\/\/www.cne.cl\/en\/wp-json\/wp\/v2\/types\/page"}],"author":[{"embeddable":true,"href":"https:\/\/www.cne.cl\/en\/wp-json\/wp\/v2\/users\/3"}],"replies":[{"embeddable":true,"href":"https:\/\/www.cne.cl\/en\/wp-json\/wp\/v2\/comments?post=18097"}],"version-history":[{"count":3,"href":"https:\/\/www.cne.cl\/en\/wp-json\/wp\/v2\/pages\/18097\/revisions"}],"predecessor-version":[{"id":18441,"href":"https:\/\/www.cne.cl\/en\/wp-json\/wp\/v2\/pages\/18097\/revisions\/18441"}],"up":[{"embeddable":true,"href":"https:\/\/www.cne.cl\/en\/wp-json\/wp\/v2\/pages\/18005"}],"wp:featuredmedia":[{"embeddable":true,"href":"https:\/\/www.cne.cl\/en\/wp-json\/wp\/v2\/media\/18051"}],"wp:attachment":[{"href":"https:\/\/www.cne.cl\/en\/wp-json\/wp\/v2\/media?parent=18097"}],"curies":[{"name":"wp","href":"https:\/\/api.w.org\/{rel}","templated":true}]}}

(Español) José Venegas inicia funciones como nuevo Secretario Ejecutivo de la Comisión Nacional de Energía (CNE)

<p class="qtranxs-available-languages-message qtranxs-available-languages-message-en">Sorry, this entry is only available in <a href="https://www.cne.cl/es/wp-json/wp/v2/pages/18097" class="qtranxs-available-language-link qtranxs-available-language-link-es" title="Español">European Spanish</a>.</p>
