

{"id":17521,"date":"2018-06-05T00:02:04","date_gmt":"2018-06-05T04:02:04","guid":{"rendered":"http:\/\/www.cne.cl\/?page_id=17521"},"modified":"2018-06-05T00:06:46","modified_gmt":"2018-06-05T04:06:46","slug":"ministra-de-energia-lanza-anuario-estadistico-del-sector-elaborado-por-la-comision-nacional-de-energia","status":"publish","type":"page","link":"https:\/\/www.cne.cl\/en\/prensa\/prensa-2018\/06-junio\/ministra-de-energia-lanza-anuario-estadistico-del-sector-elaborado-por-la-comision-nacional-de-energia\/","title":{"rendered":"(Espa\u00f1ol) Ministra de Energ\u00eda lanza Anuario Estad\u00edstico del sector, elaborado por la Comisi\u00f3n Nacional de Energ\u00eda."},"content":{"rendered":"<p class=\"qtranxs-available-languages-message qtranxs-available-languages-message-en\">Sorry, this entry is only available in <a href=\"https:\/\/www.cne.cl\/es\/wp-json\/wp\/v2\/pages\/17521\" class=\"qtranxs-available-language-link qtranxs-available-language-link-es\" title=\"Espa\u00f1ol\">European Spanish<\/a>.<\/p>","protected":false},"excerpt":{"rendered":"<p>Sorry, this entry is only available in European Spanish.<\/p>\n","protected":false},"author":3,"featured_media":17496,"parent":17517,"menu_order":1,"comment_status":"closed","ping_status":"closed","template":"entrada-prensa.php","meta":[],"_links":{"self":[{"href":"https:\/\/www.cne.cl\/en\/wp-json\/wp\/v2\/pages\/17521"}],"collection":[{"href":"https:\/\/www.cne.cl\/en\/wp-json\/wp\/v2\/pages"}],"about":[{"href":"https:\/\/www.cne.cl\/en\/wp-json\/wp\/v2\/types\/page"}],"author":[{"embeddable":true,"href":"https:\/\/www.cne.cl\/en\/wp-json\/wp\/v2\/users\/3"}],"replies":[{"embeddable":true,"href":"https:\/\/www.cne.cl\/en\/wp-json\/wp\/v2\/comments?post=17521"}],"version-history":[{"count":3,"href":"https:\/\/www.cne.cl\/en\/wp-json\/wp\/v2\/pages\/17521\/revisions"}],"predecessor-version":[{"id":17527,"href":"https:\/\/www.cne.cl\/en\/wp-json\/wp\/v2\/pages\/17521\/revisions\/17527"}],"up":[{"embeddable":true,"href":"https:\/\/www.cne.cl\/en\/wp-json\/wp\/v2\/pages\/17517"}],"wp:featuredmedia":[{"embeddable":true,"href":"https:\/\/www.cne.cl\/en\/wp-json\/wp\/v2\/media\/17496"}],"wp:attachment":[{"href":"https:\/\/www.cne.cl\/en\/wp-json\/wp\/v2\/media?parent=17521"}],"curies":[{"name":"wp","href":"https:\/\/api.w.org\/{rel}","templated":true}]}}

(Español) Ministra de Energía lanza Anuario Estadístico del sector, elaborado por la Comisión Nacional de Energía.

<p class="qtranxs-available-languages-message qtranxs-available-languages-message-en">Sorry, this entry is only available in <a href="https://www.cne.cl/es/wp-json/wp/v2/pages/17521" class="qtranxs-available-language-link qtranxs-available-language-link-es" title="Español">European Spanish</a>.</p>
