

{"id":14423,"date":"2017-10-12T12:20:24","date_gmt":"2017-10-12T15:20:24","guid":{"rendered":"http:\/\/www.cne.cl\/?page_id=14423"},"modified":"2017-11-07T09:27:04","modified_gmt":"2017-11-07T12:27:04","slug":"24-empresas-generadoras-presentan-sus-ofertas-en-licitacion-de-suministro-electrico-del-gobierno","status":"publish","type":"page","link":"https:\/\/www.cne.cl\/en\/prensa\/prensa-2017\/10-octubre-2017\/24-empresas-generadoras-presentan-sus-ofertas-en-licitacion-de-suministro-electrico-del-gobierno\/","title":{"rendered":"(Espa\u00f1ol) 24 EMPRESAS GENERADORAS PRESENTAN SUS OFERTAS EN LICITACI\u00d3N DE SUMINISTRO EL\u00c9CTRICO DEL GOBIERNO."},"content":{"rendered":"<p class=\"qtranxs-available-languages-message qtranxs-available-languages-message-en\">Sorry, this entry is only available in <a href=\"https:\/\/www.cne.cl\/es\/wp-json\/wp\/v2\/pages\/14423\" class=\"qtranxs-available-language-link qtranxs-available-language-link-es\" title=\"Espa\u00f1ol\">European Spanish<\/a>.<\/p>","protected":false},"excerpt":{"rendered":"<p>Sorry, this entry is only available in European Spanish.<\/p>\n","protected":false},"author":3,"featured_media":14429,"parent":14421,"menu_order":0,"comment_status":"closed","ping_status":"closed","template":"entrada-prensa.php","meta":[],"_links":{"self":[{"href":"https:\/\/www.cne.cl\/en\/wp-json\/wp\/v2\/pages\/14423"}],"collection":[{"href":"https:\/\/www.cne.cl\/en\/wp-json\/wp\/v2\/pages"}],"about":[{"href":"https:\/\/www.cne.cl\/en\/wp-json\/wp\/v2\/types\/page"}],"author":[{"embeddable":true,"href":"https:\/\/www.cne.cl\/en\/wp-json\/wp\/v2\/users\/3"}],"replies":[{"embeddable":true,"href":"https:\/\/www.cne.cl\/en\/wp-json\/wp\/v2\/comments?post=14423"}],"version-history":[{"count":8,"href":"https:\/\/www.cne.cl\/en\/wp-json\/wp\/v2\/pages\/14423\/revisions"}],"predecessor-version":[{"id":14722,"href":"https:\/\/www.cne.cl\/en\/wp-json\/wp\/v2\/pages\/14423\/revisions\/14722"}],"up":[{"embeddable":true,"href":"https:\/\/www.cne.cl\/en\/wp-json\/wp\/v2\/pages\/14421"}],"wp:featuredmedia":[{"embeddable":true,"href":"https:\/\/www.cne.cl\/en\/wp-json\/wp\/v2\/media\/14429"}],"wp:attachment":[{"href":"https:\/\/www.cne.cl\/en\/wp-json\/wp\/v2\/media?parent=14423"}],"curies":[{"name":"wp","href":"https:\/\/api.w.org\/{rel}","templated":true}]}}

(Español) 24 EMPRESAS GENERADORAS PRESENTAN SUS OFERTAS EN LICITACIÓN DE SUMINISTRO ELÉCTRICO DEL GOBIERNO.

<p class="qtranxs-available-languages-message qtranxs-available-languages-message-en">Sorry, this entry is only available in <a href="https://www.cne.cl/es/wp-json/wp/v2/pages/14423" class="qtranxs-available-language-link qtranxs-available-language-link-es" title="Español">European Spanish</a>.</p>
