

{"id":14046,"date":"2017-09-07T13:03:09","date_gmt":"2017-09-07T16:03:09","guid":{"rendered":"http:\/\/www.cne.cl\/?page_id=14046"},"modified":"2017-09-07T13:03:09","modified_gmt":"2017-09-07T16:03:09","slug":"sector-electrico-analiza-situacion-de-pequenos-medios-de-generacion-distribuida-pmgd","status":"publish","type":"page","link":"https:\/\/www.cne.cl\/en\/prensa\/prensa-2017\/septiembre-2017\/sector-electrico-analiza-situacion-de-pequenos-medios-de-generacion-distribuida-pmgd\/","title":{"rendered":"(Espa\u00f1ol) Sector El\u00e9ctrico analiza situaci\u00f3n de Peque\u00f1os Medios de Generaci\u00f3n Distribuida (PMGD).-"},"content":{"rendered":"<p class=\"qtranxs-available-languages-message qtranxs-available-languages-message-en\">Sorry, this entry is only available in <a href=\"https:\/\/www.cne.cl\/es\/wp-json\/wp\/v2\/pages\/14046\" class=\"qtranxs-available-language-link qtranxs-available-language-link-es\" title=\"Espa\u00f1ol\">European Spanish<\/a>.<\/p>","protected":false},"excerpt":{"rendered":"<p>Sorry, this entry is only available in European Spanish.<\/p>\n","protected":false},"author":3,"featured_media":0,"parent":14044,"menu_order":0,"comment_status":"closed","ping_status":"closed","template":"entrada-prensa.php","meta":[],"_links":{"self":[{"href":"https:\/\/www.cne.cl\/en\/wp-json\/wp\/v2\/pages\/14046"}],"collection":[{"href":"https:\/\/www.cne.cl\/en\/wp-json\/wp\/v2\/pages"}],"about":[{"href":"https:\/\/www.cne.cl\/en\/wp-json\/wp\/v2\/types\/page"}],"author":[{"embeddable":true,"href":"https:\/\/www.cne.cl\/en\/wp-json\/wp\/v2\/users\/3"}],"replies":[{"embeddable":true,"href":"https:\/\/www.cne.cl\/en\/wp-json\/wp\/v2\/comments?post=14046"}],"version-history":[{"count":1,"href":"https:\/\/www.cne.cl\/en\/wp-json\/wp\/v2\/pages\/14046\/revisions"}],"predecessor-version":[{"id":14047,"href":"https:\/\/www.cne.cl\/en\/wp-json\/wp\/v2\/pages\/14046\/revisions\/14047"}],"up":[{"embeddable":true,"href":"https:\/\/www.cne.cl\/en\/wp-json\/wp\/v2\/pages\/14044"}],"wp:attachment":[{"href":"https:\/\/www.cne.cl\/en\/wp-json\/wp\/v2\/media?parent=14046"}],"curies":[{"name":"wp","href":"https:\/\/api.w.org\/{rel}","templated":true}]}}

(Español) Sector Eléctrico analiza situación de Pequeños Medios de Generación Distribuida (PMGD).-

<p class="qtranxs-available-languages-message qtranxs-available-languages-message-en">Sorry, this entry is only available in <a href="https://www.cne.cl/es/wp-json/wp/v2/pages/14046" class="qtranxs-available-language-link qtranxs-available-language-link-es" title="Español">European Spanish</a>.</p>
