

{"id":11276,"date":"2017-01-24T17:28:59","date_gmt":"2017-01-24T20:28:59","guid":{"rendered":"http:\/\/www.cne.cl\/?page_id=11276"},"modified":"2017-03-31T16:09:41","modified_gmt":"2017-03-31T19:09:41","slug":"gobierno-da-inicio-a-nueva-licitacion-de-suministro-electrico-por-4-200-gw-anuales","status":"publish","type":"page","link":"https:\/\/www.cne.cl\/en\/prensa\/prensa-2017\/enero-2017\/gobierno-da-inicio-a-nueva-licitacion-de-suministro-electrico-por-4-200-gw-anuales\/","title":{"rendered":"(Espa\u00f1ol) Gobierno da inicio a nueva Licitaci\u00f3n de Suministro el\u00e9ctrico por 4.200 GW anuales."},"content":{"rendered":"<p class=\"qtranxs-available-languages-message qtranxs-available-languages-message-en\">Sorry, this entry is only available in <a href=\"https:\/\/www.cne.cl\/es\/wp-json\/wp\/v2\/pages\/11276\" class=\"qtranxs-available-language-link qtranxs-available-language-link-es\" title=\"Espa\u00f1ol\">European Spanish<\/a>.<\/p>","protected":false},"excerpt":{"rendered":"<p>Sorry, this entry is only available in European Spanish.<\/p>\n","protected":false},"author":3,"featured_media":11277,"parent":10958,"menu_order":0,"comment_status":"closed","ping_status":"closed","template":"entrada-prensa.php","meta":[],"_links":{"self":[{"href":"https:\/\/www.cne.cl\/en\/wp-json\/wp\/v2\/pages\/11276"}],"collection":[{"href":"https:\/\/www.cne.cl\/en\/wp-json\/wp\/v2\/pages"}],"about":[{"href":"https:\/\/www.cne.cl\/en\/wp-json\/wp\/v2\/types\/page"}],"author":[{"embeddable":true,"href":"https:\/\/www.cne.cl\/en\/wp-json\/wp\/v2\/users\/3"}],"replies":[{"embeddable":true,"href":"https:\/\/www.cne.cl\/en\/wp-json\/wp\/v2\/comments?post=11276"}],"version-history":[{"count":3,"href":"https:\/\/www.cne.cl\/en\/wp-json\/wp\/v2\/pages\/11276\/revisions"}],"predecessor-version":[{"id":12065,"href":"https:\/\/www.cne.cl\/en\/wp-json\/wp\/v2\/pages\/11276\/revisions\/12065"}],"up":[{"embeddable":true,"href":"https:\/\/www.cne.cl\/en\/wp-json\/wp\/v2\/pages\/10958"}],"wp:featuredmedia":[{"embeddable":true,"href":"https:\/\/www.cne.cl\/en\/wp-json\/wp\/v2\/media\/11277"}],"wp:attachment":[{"href":"https:\/\/www.cne.cl\/en\/wp-json\/wp\/v2\/media?parent=11276"}],"curies":[{"name":"wp","href":"https:\/\/api.w.org\/{rel}","templated":true}]}}

(Español) Gobierno da inicio a nueva Licitación de Suministro eléctrico por 4.200 GW anuales.

<p class="qtranxs-available-languages-message qtranxs-available-languages-message-en">Sorry, this entry is only available in <a href="https://www.cne.cl/es/wp-json/wp/v2/pages/11276" class="qtranxs-available-language-link qtranxs-available-language-link-es" title="Español">European Spanish</a>.</p>
